*z**2. Suppose 0*w - 4*k - 12 = -4*w, -4 = -4*k. Is i(w) a prime number?
False
Let p = 1691 + -2849. Let g = -525 - p. Is g prime?
False
Suppose 14*d + 10*d - 3*d = 3779643. Is d a prime number?
False
Suppose -5*x = m - 22, 4*m - 3*x = -m - 2. Suppose 5*b - l - 18820 = 0, 3*b = m*b - 5*l + 3738. Let c = 66 + b. Is c a prime number?
False
Suppose -9712555 + 5460734 = -36*n + 10120135. Is n a composite number?
False
Suppose 3*a = -2*z + 5*a + 18, 0 = -2*a - 10. Suppose 0*u + u = 5. Suppose -u*g = z*d - 1676, -5*g + 2*g = -4*d + 1676. Is d prime?
True
Suppose -3*c - 3*t + 18 = 0, 2*t = c - 0*t + 3. Let q be c/(-4)*2 + 15/(-6). Is (-8 + -4350)*(q/2)/4 composite?
False
Suppose -3*w + 2728 + 193115 = 0. Is w a prime number?
False
Let i = 607744 + -390203. Is i prime?
False
Let w be 4 + 2 + -52 - -1. Let t = w + 52. Is 3 + 1 - t - -1484 a prime number?
True
Suppose j - 5*j + 84 = 0. Let g = 41 - j. Is ((-106)/(-1))/(g/(-5) + 5) a composite number?
True
Let q(v) = 3*v - 13. Let h be q(5). Let a(s) = 54*s**2 - 39*s**h + 6 + 9 - 31*s. Is a(14) a prime number?
True
Suppose w + 5*n + 9 = 0, -4*w + 4*n - 12 = -0*n. Let r(i) = -2*i**3 - 8*i**2 - 7*i + 4. Let a be r(w). Is a - (0 - 3/3) prime?
False
Is 40 + -40 + (4 - -165775) a prime number?
True
Let i(m) = 5*m**2 - 3*m + 5. Let n be i(12). Suppose l = 5*b + n, -256 = 3*b - 4*l + 171. Let w = 234 + b. Is w a prime number?
True
Suppose 5*y - 253 = 3*m - 2629, -4*m = y - 3191. Is m composite?
False
Let o = -675430 - -971631. Is o prime?
True
Suppose 159 = 7*y + 47. Suppose -y*s + 27536 = -0*s. Is s a prime number?
True
Let c(r) = -9*r + 100. Let l be c(10). Suppose -3*w - 40737 = -3*m, -34*w + 29*w = l. Is m prime?
True
Let i = 49546 + -34961. Is i composite?
True
Let c = 29 + -17. Let s be (c/(-30))/(4/(-20)). Suppose s*d + 429 - 3515 = 0. Is d prime?
True
Is (-11 - (-2344311)/(-6))/(6/(-12)) a composite number?
True
Suppose 17*b = 654833 + 723816. Is b composite?
False
Suppose -1460720 = -4*t - 202956. Is t a prime number?
True
Let b = -391 + 17765. Suppose -9*t = -7*t - b. Let n = -6204 + t. Is n composite?
True
Let q(o) = 12*o**2 - 203*o - 1600. Is q(-147) prime?
True
Let q(d) = -14 - 24 - 238*d - 23. Is q(-14) composite?
False
Let w = -35507 + 128300. Is w composite?
True
Suppose x + a = -22, -2*x - 17 + 1 = -5*a. Let u(q) = q**3 + 20*q**2 - 18*q + 16. Let p be u(x). Suppose -67 = -5*t + p. Is t a composite number?
False
Let v = 298 - 28. Suppose 2*t + 7*t - v = 0. Suppose 97 = i - t. Is i a composite number?
False
Suppose 83*z = 81*z - 4*b + 1053026, 1579531 = 3*z - 2*b. Is z composite?
False
Suppose 21*f - 24*f = -15. Suppose 809 - 7614 = -4*o + 5*v, 5*o = 5*v + 8505. Suppose f*c = 1745 + o. Is c composite?
True
Is ((-3)/4)/(15/8) + (-4326883)/(-295) prime?
False
Suppose -y - 463401 = -4*u + 1801, -4*u - y = -465190. Is u a prime number?
False
Suppose 0 = -3*f + 9, -h - 15 = -4*h + 4*f. Suppose 0 = -h*o - 504 - 2817. Let j = 1628 + o. Is j composite?
False
Let l(y) = 46*y - 7. Suppose 2*o = -v + 9, 0 = 3*v - 15. Let u be l(o). Suppose -2*z = -z - u. Is z a prime number?
False
Suppose 0 = -2*i - 5*a + 27, 15 = i + 4*i + 2*a. Is (-113234)/11*i/(-2) a composite number?
False
Is (360/(-1620))/((-782662)/782658 - -1) prime?
True
Let i(z) = z**3 + 8*z**2 - 2*z - 4 - 6*z + 25 - 3*z. Is i(13) a prime number?
False
Let s = -3189 - 7254. Suppose 11 + 5 = 4*n, 2*n = -2*t + 37012. Let j = s + t. Is j a prime number?
True
Let q = -15175 + 29720. Is q composite?
True
Suppose 209 = b + 15. Suppose -f = -101 - b. Suppose 6*y - f = y. Is y a prime number?
True
Let i = 3 + -2. Let p(o) be the second derivative of 629*o**3/6 + o**2 + 142*o. Is p(i) composite?
False
Let v be (-17)/5 - (-20)/50 - -6. Is -3*(-1)/(v/6159) composite?
True
Let d be 111834*6*(184/36 + -5). Suppose -5*x = -d + 21221. Is x prime?
True
Suppose -n = -17*x + 15*x + 282967, 141456 = x + 5*n. Is x a prime number?
True
Let m = 36689 - 3330. Is m a composite number?
False
Let l(m) = 2*m**3 - 4*m**2 + 4. Let d be l(2). Is 79*-5*(-1)/(-3 + d) a prime number?
False
Suppose 0 = 3*d + 4*p - 31, 2 = -2*d - 5*p + 8*p. Suppose -d*i = -3*n - 3*i + 67309, -5 = i. Is n a prime number?
True
Let j be -20 - (8/2)/2. Is 124648/22 + (-4)/j composite?
True
Let j be 0 + 3 + 0 + 933. Let o be (-38555)/(-45) - (8/36)/(-1). Let r = o + j. Is r a composite number?
True
Suppose 4*m - 2*c + 1018 - 70 = 0, -5*m - c - 1192 = 0. Is (-1)/(-7) + (-189652)/m prime?
True
Let d be 24/(-4*1/14). Let w = d + 68. Is (-8692)/w + (2/(-8))/1 a composite number?
True
Let u(c) = 34*c**3 + 173*c**2 - 31*c + 29. Is u(9) a prime number?
False
Is (130/(-10) + -571729)*(-1)/2 prime?
True
Let a = -62 - -67. Suppose -4*p - 25 = -5*w - 3*p, -a*w - 2*p = -10. Suppose -983 = -w*j + 3845. Is j prime?
False
Let b = 834 + -571. Let a(s) = 3*s**3 - 7*s**2 + 18*s - 11. Let z be a(10). Let g = z - b. Is g a composite number?
True
Let r(p) = 638*p**2 + 206*p + 1205. Is r(-6) a composite number?
False
Let d = 20 + 41. Let i = 57 - d. Is i/(-12)*1*9 + 964 prime?
True
Let g(h) = -8*h - 11. Let p(t) = t**3 + 3*t + 2. Let z be p(-1). Let n be g(z). Let i(o) = 63*o**2 - 5*o - 9. Is i(n) a prime number?
False
Let t(a) = 2*a**3 - 139*a**2 - 307*a - 807. Is t(98) prime?
False
Is (1 + -2438)/((-37 + 27)/530) composite?
True
Suppose 0 = -26*i + 21*i + 2325. Suppose -3*c + 5*u = -941, -i = -c - u - 146. Is c a prime number?
True
Suppose 11*i - 6179 = 72152. Is i a composite number?
False
Let x(o) = -8*o - 3. Let q be x(-1). Suppose 1191 = 5*f - 2*t, -745 = -4*f - q*t + 221. Let y = -16 + f. Is y composite?
False
Let d(g) = 8*g**2 + 2*g + 9. Let l(y) = 2*y**3 - y**2 + y. Let b be l(1). Suppose -w - b*w + 2*n + 20 = 0, 44 = 5*w + 2*n. Is d(w) a composite number?
True
Let f(m) = -5*m + 110. Let p be f(21). Suppose -5*y = -2*h + 8244, 9054 = p*h - 5*y - 11571. Is h a prime number?
True
Let g(p) = 2268*p**3 - 3*p**2 - 8*p + 59. Is g(8) a composite number?
True
Let i be (-3)/(-24) + 2/(-16). Let n be 1/(i/(-1) + (-9)/(-27)). Suppose -4*b - 2028 = -n*y - b, 1346 = 2*y - 4*b. Is y prime?
False
Suppose 0 = -5*f - 5*b + 80, -4*f + 2*b = -9*f + 77. Is ((-6)/f)/(34/(-59585)) composite?
False
Let d(u) = 781*u**2 + 290*u - 10. Is d(-19) composite?
True
Suppose 51*j + 93*j = -0*j + 22105296. Is j composite?
False
Suppose 0 = 9*b - 97925 - 73570. Suppose -3*q - a - a + b = 0, -25418 = -4*q + 3*a. Is q a prime number?
True
Let i(y) = -27815*y - 707. Is i(-6) a composite number?
False
Let l be (12 - 11)*(-5 + 0). Let j be (l + -2)*2/2. Let c(y) = -24*y**3 - 13*y - 14. Is c(j) composite?
True
Suppose 0 = -2*n + t + 22055, -12*t + 8*t - 4 = 0. Is n a prime number?
True
Let h be ((-164)/20)/(1 + 12/(-10)). Suppose 14*w - h*w = -448119. Is w a prime number?
False
Suppose -2*x + 403 = -683. Let z be 4 - 5 - (3 - 2 - 1). Is z/((-9)/x)*21 a composite number?
True
Suppose 4*t - 1404954 = -k, 4*t + 60*k = 63*k + 1404962. Is t prime?
False
Let w(q) = 93*q + 14. Let d be w(-2). Suppose 5*n = 2506 - 861. Let v = d + n. Is v composite?
False
Suppose 5*d - 8 = -s, -4*d - 5*s + 1 = 3. Suppose 6*f + d*j - 2550 = 4*f, -2*f = -3*j - 2540. Is f a prime number?
False
Let x be 33/(-77) + (-2565)/(-7). Let w be ((-1)/(-2))/(7/28). Suppose x = a - 3*q, w*q + 1519 = 4*a + q. Is a a prime number?
False
Suppose -54*n + 450545 = g - 50*n, n = 4*g - 1802112. Is g composite?
False
Let v be -54 - ((-1 - 2)*2)/2. Let r = v + 56. Suppose 2*n = -r*o + 113, n + 17 = -2*o + 3*o. Is o a composite number?
True
Suppose 0*h = 12*h + 84. Let c(n) = 18*n**2 - 12*n + 4. Let b be c(h). Suppose 2*d - 5*v - 990 = -20, -2*d + b = 5*v. Is d prime?
False
Suppose -3*b = -8*z - 200589, -2*z - 52816 - 147773 = -3*b. Is b a composite number?
False
Suppose 1414*l = 1397*l + 785417. Is l a prime number?
False
Suppose -5*f + 3 = -2*f. Is 3235 - (2 + -7) - (f - 0) composite?
True
Suppose -3*d + 7 + 8 = 3*f, -2*f = -3*d + 25. Suppose -8*y + 7 = -d*y. Suppose 0 = -y*j + 10*j - 2289. Is j composite?
True
Let w be -4*(14/(-4) - -4). Let d be w/(-2)*(2 - 0). Suppose 302 = n + p, 5*n - d*p - 1504 = -5*p. Is n a composite number?
True
Suppose 5*f + 2*m = m - 860, 845 = -5*f + 2*m. Is 1252 - (2/(-6))/(19/f) a composite number?
False
Suppose 5*j - 20 = 0, 31609 = 9*s - 8*s + 2*j. Is s prime?
True
